omposite?
False
Let n be 5/(8/2 - 3). Suppose -n*v = -3*m + 1419, 2*m + 5*v = 3*m - 473. Is m a composite number?
True
Suppose 2*j - 5*h = 5066, -h - 5066 = -2*j + 3*h. Is j a prime number?
False
Suppose -3*l - 669 + 5746 = -2*f, -4*l = 3*f - 6775. Is l a prime number?
True
Suppose -2*y = y - 9. Let x(d) = -d**2 + 8*d - 10. Let m be x(6). Suppose -v + 3*v - g = 67, 0 = -m*v - y*g + 63. Is v a composite number?
True
Is (-3)/(-30)*8 - 59853/(-15) a prime number?
False
Let b be 6/21 + (-608)/(-28). Let q = b + 15. Is q a prime number?
True
Let i = -54 + -124. Let v = i - -257. Is v prime?
True
Let p = 144 + -53. Is p composite?
True
Let i be (-7 + 7)*1*-1. Suppose 7*p - 6*p - 43 = i. Is p prime?
True
Let p(m) = m + 11. Let a be p(-9). Suppose 5*g = j - 143, -a*g + 108 = j - 0*j. Is j composite?
True
Suppose 2*n - 424 = -2*o, -8*n + 5*o = -3*n - 1060. Let d be (n/(-6))/(1/(-3)). Suppose d = g + g. Is g prime?
True
Let s = 3121 + -1278. Is s a composite number?
True
Suppose 2*i = 3*v + 386, i - 148 = -5*v + 58. Let j = 0 - -3. Suppose -j*x = x - i. Is x a composite number?
True
Let j be (-192)/2*(-1 - 0). Suppose -j - 76 = -4*b. Is b prime?
True
Let b(x) = 13*x + 17. Is b(18) composite?
False
Let a(l) = -78*l**3 + l**2 + 2*l - 1. Is a(-2) composite?
True
Is (-2)/8 + 11189/4 prime?
True
Suppose 2*m - 6 = -0. Let k be (-5)/(-10) + (-14)/(-4). Suppose -58 = -k*s + b, 2*s + 0*b = m*b + 34. Is s a composite number?
True
Let z(a) = -39*a + 0 - 1 + 0. Suppose -5*g = -3*v - 0*v + 11, -2*v + 9 = -5*g. Is z(g) composite?
True
Let k(v) = v**2 + 7*v + 5. Let f be k(-6). Let u(l) = -233*l. Is u(f) a composite number?
False
Let i(a) = -2*a. Suppose 2*j + 3*j + 5 = 0. Let r be i(j). Suppose 0 = b - 2*s - 165, -r*b = 3*s - 0*s - 323. Is b a prime number?
True
Let j = 0 - -4. Let l(u) = u + 2. Let d be l(4). Suppose -j*o + o = -d. Is o composite?
False
Let u(b) = -3*b**3 - 5*b**2 - 5*b - 7. Let p(o) = o**3 - 11*o**2 + 10*o - 6. Let q be p(10). Is u(q) a prime number?
True
Let w(c) = -68*c - 25. Is w(-9) prime?
True
Let i = -9 - -30. Let c = 98 - i. Is c a prime number?
False
Suppose 3*a + y - 13 = 0, 0 = -3*a - 2*y + 15 - 4. Suppose -s = -a*s + 104. Is s composite?
True
Let y = 141 + -74. Let l = y - 48. Is l prime?
True
Let n be 5*(-2)/4*-2. Suppose -4*x + 3*y - 5*y + 562 = 0, 0 = 4*x + n*y - 571. Is x composite?
False
Suppose -2*t = -t + 5*b - 12, -4*t - 5*b + 33 = 0. Suppose -2 - t = -g. Is g a composite number?
True
Let x be 4/10 - (-58)/5. Suppose -i + 2*n = -3*i + 6, 2*n = -5*i + x. Is (76/(-8))/((-1)/i) a composite number?
False
Let f(p) be the first derivative of -19*p**2/2 - 5*p + 5. Is f(-6) a composite number?
False
Let q(o) = -142*o + 5. Let b be q(-4). Suppose -t = 2*t - b. Let r = -100 + t. Is r prime?
False
Suppose 5*c = 5*y + 300, 3*c = -2*y - y + 192. Suppose 3*p = p + c. Let d = -22 + p. Is d a composite number?
True
Let p(v) = -5*v + 16*v**2 - 9*v**2 + 1 + 6*v**2. Is p(5) a prime number?
False
Let d(l) = 9*l + 26. Is d(3) composite?
False
Is 785/20 - 1/4 a prime number?
False
Suppose 3*a + 2*l - 3 = 5*l, 4*a + 41 = -5*l. Let i(q) = -24*q - 1. Is i(a) a composite number?
True
Let y(x) = 14*x**2 - 2*x - 4. Let w be y(3). Suppose -t = t - w. Is t prime?
False
Let x = -13 - -17. Is 2 - 310/x*-6 a prime number?
True
Let f(p) be the second derivative of p**4/3 - p**3/2 + 3*p**2/2 - p. Is f(4) a prime number?
False
Let l = 697 - 394. Is l composite?
True
Suppose 2*i = 7*i - 30. Let h = i + 1. Let o = 14 - h. Is o a prime number?
True
Let k be (3 - (-2 - 177)) + -2. Suppose 205 = 5*l - k. Is l a prime number?
False
Let m(h) be the first derivative of -23*h**2 - 3*h + 2. Let o be m(-5). Suppose 4*v = 5*y - 387, 6*y - 3*y = 5*v + o. Is y a prime number?
True
Let u = -47 + 28. Let w = 40 - u. Is w composite?
False
Let n(b) = 3 - 2*b**2 + 3*b - 9*b + b**2. Let k be n(-5). Suppose -4*l + 35 = 3*z - k*l, 0 = -2*z + l + 25. Is z a prime number?
True
Let o = 2 + -8. Is 86 - o - (-4 + 1) a prime number?
False
Suppose 451 = 3*j - 4*i, 3*i + 1 = 2*i. Is j a composite number?
False
Let z = 13 + -11. Let a(i) = 13*i**2 - 5*i - 3. Let b be a(4). Suppose -11 = z*o - b. Is o composite?
True
Suppose -5 = u - 4*g, 1 = 5*u - 4*g - 6. Suppose -u*j + 1055 = 2*j. Is j a prime number?
True
Suppose 5*i - 4*y - 1175 = -0*i, 5*y = 25. Suppose 0 = 2*x - 39 - i. Is x a composite number?
False
Suppose 0 = 5*d - 4*d - 9. Let w(a) = 72*a - 7. Let j be w(d). Suppose 0*y + 4*y + q = 842, j = 3*y - 4*q. Is y a composite number?
False
Let h = 4 + -2. Suppose -59 = -h*n + 11. Suppose t - n = -4*t. Is t composite?
False
Suppose 152 = 4*v - 2*q, -3*v - 3*q = -2*v - 31. Is v composite?
False
Suppose -4*a + 40 + 36 = 0. Is a a composite number?
False
Is 1/(-1) + (9 - -213) composite?
True
Let x(p) = -p**3 - 16*p**2 + 8*p + 10. Is x(-17) a composite number?
False
Suppose 0 = -5*n - 20, -u + 6*u - 5*n - 1025 = 0. Is u composite?
True
Is 17603/5 - 2/(-5) prime?
False
Let m(t) = 3*t - 3*t - 3*t - 3. Let w be m(-2). Suppose w*j = 4*u - 7, 1 = 4*j - 5*j + u. Is j a prime number?
True
Let f be 8/20 - (-13)/5. Suppose -4*b + 17 = -f. Suppose 4*z - b = 207. Is z prime?
True
Suppose 5*o - 6*o = -3. Suppose 0 = -o*a - 4*h + 428, 4*a - 2*h + h - 558 = 0. Suppose a = 7*n - 3*n. Is n composite?
True
Suppose -9 = -w - 0. Suppose 5*k - w - 131 = 0. Suppose -27 - k = -x. Is x prime?
False
Let b be (-4)/(2*(-1)/4). Let s = 12 - b. Suppose -5*k = -s*k - 6. Is k prime?
False
Suppose 4*k - 4*d - 3 - 5 = 0, -3*d = k - 6. Suppose 10*j - 5*j - 25 = 0, -523 = -4*i - k*j. Is i prime?
True
Let b be (-1 - 1) + (1 - 3). Let u be (-30)/b*12/10. Let q = 31 - u. Is q a prime number?
False
Suppose 5*d + g = 2514, -3*d + 4*g - 142 = -1655. Suppose -4*f - 41 = -2*p - d, 0 = -5*f + p + 585. Is f a prime number?
False
Is (19 - -28)/((-1)/(-2)) a prime number?
False
Suppose 11*x - 8*x - 573 = 0. Is x prime?
True
Let m(o) = 2*o**3 - 7*o**2 + 5*o - 2. Let j be m(4). Suppose 3*z + j = 1120. Let i = z - 235. Is i prime?
True
Let s be 3*(-2 + (-22)/(-6)). Suppose -3*f + 104 = -s*a - 249, -125 = -f - 2*a. Is f a composite number?
True
Let p = -49 - -177. Suppose 5*z + 59 = -x - p, -z - 691 = 4*x. Is (-2)/4 - x/8 composite?
True
Let k(w) = 4*w**3 - 4*w**2 + 2*w + 4. Let v be k(4). Let t be (10/(-4))/(6/v). Let s = -38 - t. Is s a composite number?
False
Let l = 45 - -29. Is l prime?
False
Let g(d) = d**3 - 7*d**2 + d + 4. Let z(k) = -2*k - 11. Let s be z(-9). Is g(s) a composite number?
False
Suppose 12*t - 326 = 10*t. Is t a prime number?
True
Let m = -17 + 20. Is m a composite number?
False
Is (-2)/(-6) + 3830/3 a prime number?
True
Let c = 12 - 29. Let s = 86 + c. Is s prime?
False
Let s(z) = 6 - 7*z + 0*z + 13*z**3 - 12*z**3 - 3*z**2. Let t be s(5). Suppose -3*c + 0*c + t = 0. Is c a prime number?
True
Let o(n) = n**3 - 9*n**2 - 12*n + 13. Let t be o(10). Let x(l) = -l + 4 - 11 - 11*l. Is x(t) a prime number?
False
Suppose -2*a + 20 = 4*k, -5*a = 4*k + 2 - 28. Suppose n + 0*n = k. Suppose -52 = -4*f - 5*p, -n*f = 3*p + 29 - 81. Is f a composite number?
False
Let w be 15/3*(1 - 0). Is 6*w + -4 + 5 a prime number?
True
Let f be (-227)/(-5) + 9/15. Suppose 0 = -u + 5, -r - 6 = u - f. Is r a prime number?
False
Let t be -1 - (-2 - -3) - 16. Let d = t - -9. Is (-29)/(-9) + 2/d prime?
True
Suppose 3*j + 5138 = 5*f, -4*j - 298 = f - 1321. Is f composite?
True
Let o(f) = -18*f**2 + f + 8. Let z(m) = -37*m**2 + 3*m + 15. Let v(u) = 5*o(u) - 3*z(u). Is v(-2) a composite number?
True
Suppose -3*u - 2*w = -715, 5*u - 1195 = 3*w - 8*w. Is u prime?
False
Suppose 2*j = 8, -q - 507 = -2*q + j. Let f = -362 + q. Is f a prime number?
True
Let m = -174 - -248. Is m a prime number?
False
Let y = 5 - 13. Is (14/y)/((-6)/408) a composite number?
True
Let p(j) = 69*j - 16. Is p(7) composite?
False
Suppose 94 = -3*s + j + 702, 4*j - 382 = -2*s. Is s a composite number?
True
Let i(k) = -2*k**3 + 5*k**2 + 5*k - 2. Let l be i(-4). Is 0 - (-3)/(9/l) prime?
False
Suppose 0 = -0*r + 4*r - 1008. Let z = -173 + r. Is z composite?
False
Let r(q) = q**3 - 5*q**2 + 4. Let l be r(5). Suppose 0 = -l*f - f + 195. Let v = f + -28. Is v composite?
False
Let h = -216 - -439. Is h a prime number?
True
Suppose -1439 = -d + 5*y, -4*d + 4*y = -1026 - 4730. Is d prime?
True